{"id":14519,"date":"2024-08-12T11:01:15","date_gmt":"2024-08-12T09:01:15","guid":{"rendered":"https:\/\/kurt-singer.com\/thailand\/?page_id=14519"},"modified":"2026-03-25T00:43:51","modified_gmt":"2026-03-24T23:43:51","slug":"binational","status":"publish","type":"page","link":"https:\/\/kurt-singer.com\/thailand\/geschichten\/binational\/","title":{"rendered":"Binational"},"content":{"rendered":"<div class=\"et_pb_section_0 et_pb_section et_section_regular et_block_section\"><div class=\"et_pb_row_0 et_pb_row et_block_row\"><div class=\"et_pb_column_0 et_pb_column et_pb_column_4_4 et-last-child et_block_column et_pb_css_mix_blend_mode_passthrough\"><div class=\"et_pb_text_0 et_pb_text et_pb_bg_layout_light et_pb_module et_block_module\"><div class=\"et_pb_text_inner\"><h1>Was ist eigentlich eine binationale Ehe? (<em>geschrieben 1997<\/em>)<\/h1>\n<p>&nbsp;<\/p>\n<\/div><\/div><\/div><\/div><div class=\"et_pb_row_1 et_pb_row et_block_row\"><div class=\"et_pb_column_1 et_pb_column et_pb_column_1_2 et_block_column et_pb_css_mix_blend_mode_passthrough\"><div class=\"et_pb_text_1 et_pb_text et_pb_bg_layout_light et_pb_module et_block_module\"><div class=\"et_pb_text_inner\"><p>Beziehungen oder Ehen zwischen deutschen M\u00e4nnern und \"normalen\" (d.h. \u201cnicht k\u00e4uflichen\") Thail\u00e4nderinnen sind in eingeweihten Kreisen immer noch bestaunte Rarit\u00e4t. Denn es spielt sich doch der \u00fcberwiegende Teil dieser Beziehungen mit Frauen ab, deren Bekanntschaft Mann in Bars gemacht hat, zumeist in der freundlichen, weil sonnigen Atmosph\u00e4re der offenen Bartheken in Pattaya, Phuket, Samui oder anderen Touristenorten.<\/p>\n<p>Normalerweise kommt die thail\u00e4ndische Frau oder das thail\u00e4ndische M\u00e4dchen selten in die Verlegenheit, Bekanntschaft mit einem Ausl\u00e4nder zu schlie\u00dfen. Wo auch? Im B\u00fcro, im Kaufhaus, im kleinen L\u00e4dchen nebenan? Dort mu\u00df sie arbeiten kann nicht auch noch Bekanntschaften schlie\u00dfen, mit wem auch immer. Trotzdem ist es nat\u00fcrlich nicht unm\u00f6glich, denn auch in Thailand bleibt die Zeit nicht stehen, ist die Gew\u00f6hnung an den Ausl\u00e4nder fortgeschritten, die neue Generation ist offener und freiz\u00fcgiger. Und dennoch:<br \/>\nWie w\u00fcrde man sie denn auch ansehen? Was ist falsch an ihr, dass sie keinen Thai-Ehemann finden kann? Die \"gute\" Gesellschaft wird eine solche Frau mit gro\u00dfer Wahrscheinlichkeit mit den Prostituierten in einen Topf werfen, das ist ein ungeheurer Gesichtsverlust f\u00fcr die Betreffende. Nur wenige Thai-Frauen sind selbstbewu\u00dft genug, sich diesen gesellschaftlichen Vorurteilen zu stellen.<\/p>\n<p>Eines ist tats\u00e4chlich au\u00dferordentlich bemerkenswert: deutsche M\u00e4nner, die in der Heimat m\u00f6glicherweise nicht einmal wissen, wo das n\u00e4chstgelegen Bordell ist, nehmen eine 11- st\u00fcndige oder noch l\u00e4ngere Reise auf sich, um sich in einem sozusagen hei\u00dfen Land mit jungen M\u00e4dchen zu vergn\u00fcgen, die f\u00fcr ihre Dienste ebenfalls noch bezahlt werden m\u00fcssen, im eigentlichen Sinne also als Prostituierte gelten m\u00fcssen.<\/p>\n<p>Und warum gerade dort, Warum gerade Asien? \u00dcberall geistert die M\u00e4r von der sinnlichen, anschmiegsamen und aufopferungsvollen Asiatin durch die M\u00e4nnerliebeswelt, und recht haben sie. Die M\u00e4dchen, deren ganzes Streben einzig danach gerichtet ist, einen Touristen zu finden, der sie f\u00fcr eine Zeitlang finanziell unterst\u00fctzt und dabei noch m\u00f6glichst nett zu ihr ist, werden alles daran setzen, dem Freund auf Zeit ein sch\u00f6nes, unvergessliches Erlebnis zu bereiten. Je besser eine Ware gef\u00e4llt, desto eher ist man bereit, daf\u00fcr Geld auszugeben. (Sorry Leute, das ist ein Vergleich, keinesfalls setze ich die M\u00e4dchen und Frauen mit einer Ware gleich.) Und beobachtet man das Spiel an den Theken und in den Bars so stellt man fest, dass es wirklich oftmals freundlicher, w\u00e4rmer, fr\u00f6hlicher ist, als wir M\u00e4nner es uns in der Welt der k\u00e4uflichen Liebe vorstellen, die wir eher das k\u00fchle, harte europ\u00e4sche Arbeitsklima kennen. Hier findet Mann noch Z\u00e4rtlichkeit von liebevollen Wesen, die das rechte Machoherz die harten Emanzenk\u00e4mpfe leicht vergessen lassen. Und so gelten die 1 bis 3 Wochen der Lebens- und Liebeslust leicht als Ma\u00dfstab f\u00fcr das, was man f\u00fcr ein ganzes Leben von eben diesem Traum erwarten m\u00f6chte.<\/p>\n<p>Und schnell ist man versucht, diesen Traum festzuhalten, ihn nach Hause zu transferieren, ihn ein ganzes Leben zu beanspruchen. Und gerne ist man bereit, alles, was der Verstand vielleicht noch zu sagen hat dem eigenen Wollen und M\u00f6gen unterzuordnen.<\/p>\n<p>Doch oft gibt es ein b\u00f6ses Erwachen. Man hat einfach verdr\u00e4ngt, dass es einen einzigen, nur den einen, nur den alleinigen Grund gibt, weshalb diese Frau die Bekanntschaft gesucht hat: Geld. Der Gedanke an eine eventuelle k\u00fcnftige Sicherheit, die sie erreichen kann, ist noch gar nicht vorhanden, wenn das Kennenlernen stattfindet.<\/p>\n<\/div><\/div><\/div><div class=\"et_pb_column_2 et_pb_column et_pb_column_1_2 et-last-child et_block_column et_pb_css_mix_blend_mode_passthrough\"><div class=\"et_pb_text_2 et_pb_text et_pb_bg_layout_light et_pb_module et_block_module\"><div class=\"et_pb_text_inner\"><div class=\"nof-clearfix nof-positioning\">\n<div id=\"Text256\" class=\"nof-positioning TextObject\">\n<p>\u201eHello, how are you? Sit down please!\u201d Waren das auch die Worte, die du in Benglisch (Bar-Englisch) zuerst geh\u00f6rt hast von ihr? Das liebe Gesicht, das nette, warme L\u00e4cheln, die zarte Figur. War das dein erster Eindruck von ihr? Wolltest du gerade sie treffen, nach einer Reise von achttausend Meilen? Irgendwann ist dir klar: genau sie, ja nur sie.<\/p>\n<p>Und so nimmt man einen Platz, einen Drink, spendiert einen Drink, Irgendwann macht sie ihm klar, dass es eine kleine Ausl\u00f6se kostet, wenn sie jetzt mit ihm geht. Und er wird es nicht erwarten k\u00f6nnen, wird der Bar auch noch diese kleine Summe g\u00f6nnen, es ist ja f\u00fcr sie, f\u00fcr die einzige, f\u00fcr die es sich lohnt.<\/p>\n<p>Alles was Zuhause war, ist pl\u00f6tzlich vergessen. Wann hat er in Deutschland seiner Freundin zuletzt eine sch\u00f6ne Jacke gekauft, eine Bluse, ein Eis? Hier wird ihm das fast zur Gewohnheit, denn sie hat ja nichst. Nichts zum Anziehen, nichts zu essen.<\/p>\n<p>Es kommt, wie es kommen mu\u00df. Er wird sie wieder in der Bar besuchen, wieder ausl\u00f6sen, sie wird den Vorschlag machen, doch nicht jeden Abend dieses Geld auszugeben, denn sie kann ja ein, zwei Wochen mit ihm zusammensein.<\/p>\n<p>Mann verliebt sich in das M\u00e4dchen, sie mag ihn auch ganz gern, ist einer von den netteren Kunden, die, die nicht so f\u00fcrchterlich betrunken und aggressiv sind. F\u00fcr ihn senkt sie sogar ihren Standardpreis.<\/p>\n<p>Wieder in Deutschland zur\u00fcck h\u00e4lt Mann den Gedanken nicht mehr aus, dass seine \"Freundin\" mit anderen ins Bett geht, wenn er mal nicht da ist. Schlie\u00dflich braucht sie ja Geld, das versteht er, aber nein, das macht er doch nicht mehr mit. Eines Tages unterbreitet er ihr also eine Idee, er hat sich alles gut \u00fcberlegt: Sie solle mit der Bar aufh\u00f6ren, er w\u00fcrde ihr von nun an alles zahlen, was sie brauche.<\/p>\n<p>Ein verlockender Gedanke, f\u00fcr beide. Sie will ja nicht ewig in der Bar arbeiten, tr\u00e4umt den Traum aller Barm\u00e4dchen, den einen zu finden, den M\u00e4rchenprinzen, der ihr alles gibt was sie zum Leben ben\u00f6tigt: Geld. Und als gute Tochter hat sie auch auch eine Verpflichtung, die Eltern zu unterst\u00fctzen, und das ein Leben lang.<\/p>\n<p>Und hat sich bisher alles schon tausendfach abgespielt, gibt es auch f\u00fcr das Weitere so etwas wie eingefahrene Rollenspiele: da gibt es das, was ich als die gro\u00dfe Ausnahme ansehe, wo beide stark genug sind, Probleme zu erkennen, Probleme gemeinsam zu l\u00f6sen. Auch wenn dieses bedingt, dass die Frau ihre traditionelle Rolle als gehorsames Kind aufgibt, nicht mehr auf die ankommenden Forderungen der Eltern eingeht oder ihnen klarmacht, dass der M\u00e4rchenprinz eben auch nur ein normaler Mensch ist, der nicht \u00fcber unbegrenzte finanzielle Mittel verf\u00fcgt.<\/p>\n<p>Und f\u00fcr das Andere, das Sp\u00e4tere, das ganz Allt\u00e4gliche in Deutschland, daf\u00fcr nehme ich mir sp\u00e4ter Zeit zu formulieren, ist es doch das, was sich wie ein Faden durch das Leben zieht. Der Alltag ist wieder da mit all seinen Schwierigkeiten, die Kommunikation fehlt, die Freundinnen fehlen, das Klima fehlt, das Geld wird knapp, denn jetzt mu\u00df man pl\u00f6tzlich auch an Miete denken, kein Hotelgeist, der das Fr\u00fchst\u00fcck serviert, kein Strand, an dem man eine kleine Mahlzeit kommen l\u00e4sst, kein Mann, der den ganzen Tag nur f\u00fcr sie da ist.<\/p>\n<p>Es ist kalt in Deutschland. Das Klima, die Menschen, der Alltag.<br \/>\nF\u00fchlen Sie sich vielleicht provoziert? Ja, ich wei\u00df.<\/p>\n<\/div>\n<\/div>\n<\/div><\/div><\/div><\/div><div class=\"et_pb_row_2 et_pb_row et_block_row\"><div class=\"et_pb_column_3 et_pb_column et_pb_column_4_4 et-last-child et_block_column et_pb_css_mix_blend_mode_passthrough\"><div class=\"et_pb_divider_0 et_pb_divider_hidden et_pb_space et_pb_divider_position_top et_pb_module\"><div class=\"et_pb_divider_internal\"><\/div><\/div><\/div><\/div><\/div>","protected":false},"excerpt":{"rendered":"","protected":false},"author":1,"featured_media":0,"parent":14507,"menu_order":0,"comment_status":"closed","ping_status":"closed","template":"","meta":{"footnotes":""},"class_list":["post-14519","page","type-page","status-publish","hentry"],"_links":{"self":[{"href":"https:\/\/kurt-singer.com\/thailand\/wp-json\/wp\/v2\/pages\/14519","targetHints":{"allow":["GET"]}}],"collection":[{"href":"https:\/\/kurt-singer.com\/thailand\/wp-json\/wp\/v2\/pages"}],"about":[{"href":"https:\/\/kurt-singer.com\/thailand\/wp-json\/wp\/v2\/types\/page"}],"author":[{"embeddable":true,"href":"https:\/\/kurt-singer.com\/thailand\/wp-json\/wp\/v2\/users\/1"}],"replies":[{"embeddable":true,"href":"https:\/\/kurt-singer.com\/thailand\/wp-json\/wp\/v2\/comments?post=14519"}],"version-history":[{"count":4,"href":"https:\/\/kurt-singer.com\/thailand\/wp-json\/wp\/v2\/pages\/14519\/revisions"}],"predecessor-version":[{"id":16031,"href":"https:\/\/kurt-singer.com\/thailand\/wp-json\/wp\/v2\/pages\/14519\/revisions\/16031"}],"up":[{"embeddable":true,"href":"https:\/\/kurt-singer.com\/thailand\/wp-json\/wp\/v2\/pages\/14507"}],"wp:attachment":[{"href":"https:\/\/kurt-singer.com\/thailand\/wp-json\/wp\/v2\/media?parent=14519"}],"curies":[{"name":"wp","href":"https:\/\/api.w.org\/{rel}","templated":true}]}}