{"id":14709,"date":"2024-08-12T13:41:19","date_gmt":"2024-08-12T11:41:19","guid":{"rendered":"https:\/\/kurt-singer.com\/thailand\/?page_id=14709"},"modified":"2026-03-25T00:44:17","modified_gmt":"2026-03-24T23:44:17","slug":"ban-nong-waeng","status":"publish","type":"page","link":"https:\/\/kurt-singer.com\/thailand\/ein-dorf-im-isaan\/ban-nong-waeng\/","title":{"rendered":"Ban Nong Waeng"},"content":{"rendered":"\n<div class=\"et_pb_section_0 et_pb_section et_section_regular et_block_section\"><div class=\"et_pb_row_0 et_pb_row et_block_row\"><div class=\"et_pb_column_0 et_pb_column et_pb_column_4_4 et-last-child et_block_column et_pb_css_mix_blend_mode_passthrough\"><div class=\"et_pb_text_0 et_pb_text et_pb_bg_layout_light et_pb_module et_block_module\"><div class=\"et_pb_text_inner\"><h1>Anmerkungen zu Ban Nong Waeng<\/h1>\n<p>&nbsp;<\/p>\n<\/div><\/div><\/div><\/div><div class=\"et_pb_row_1 et_pb_row et_block_row\"><div class=\"et_pb_column_1 et_pb_column et_pb_column_1_2 et_block_column et_pb_css_mix_blend_mode_passthrough\"><div class=\"et_pb_text_1 et_pb_text et_pb_bg_layout_light et_pb_module et_block_module\"><div class=\"et_pb_text_inner\"><p>Nicht viel hat sich bis heute ge\u00e4ndert. Doch, inzwischen ist die Strasse asphaltiert, zwei Telefonh\u00e4uschen stehen an der Strasse, inzwischen hat fast jedes Haus einen Farbfernseher und wir dadurch abends weniger Besucher. Bangkok ist nicht mehr so weit weg, es fahren mehr Busse, Roi Et hat inzwischen einen kleinen Flughafen, der zwar nicht immer angeflogen wird, aber er kann. Die Menschen sind die gleichen geblieben. Ich konnte mit dazu beitragen, dass eine Wasserleitung ins Dorf gelegt wurde. Man ist jetzt nicht mehr nur auf die Brunnen angewiesen, denn der Grundwasserspiegel war die ganzen Jahre \u00fcber gesunken.<\/p>\n<p>Es gibt inzwischen auch mehr Autos, und eine Dorftankstelle rentiert sich ein wenig, mit angeschlossenem L\u00e4dchen. Und Khun Waad hat aus Verzweiflung \u00fcber seine gesunkenen Einnahmen, die nicht mehr f\u00fcr die Familie und die Schulden vom Hausbau ausreichten, Drogen verkauft<\/p>\n<\/div><\/div><\/div><div class=\"et_pb_column_2 et_pb_column et_pb_column_1_2 et-last-child et_block_column et_pb_css_mix_blend_mode_passthrough\"><div class=\"et_pb_text_2 et_pb_text et_pb_bg_layout_light et_pb_module et_block_module\"><div class=\"et_pb_text_inner\"><p>Er hatte Gl\u00fcck, er kam nur ins Gef\u00e4ngnis. Inzwischen ist er dort verstorben (2007).<\/p>\n<p>Das M\u00e4dchen Nang lebt ebenfalls nicht mehr. Sie hatte nicht nur ein Kind, sondern auch Aids aus Bangkok oder Pattaya mitgebracht.<\/p>\n<p>Das Kind lebt inzwischen bei meiner Familie, geht zur Schule nach Roi Et, ist ausserordentlich aufgeweckt, ein guter Sch\u00fcler. Er weiss nichts von seiner Mutter, ahnt vielleicht. Irgendwann wird er wissen.<br \/>\nEs gibt immer noch kein Paradies. Und mein Wunsch, dort, genau dort, eben in Baan Nong Waeng, alt zu werden, dort zu leben mit meiner Familie, meinen Freunden, meinen Nachbarn \u2013 dieser Wunsch ist der Wiklichkeit gewichen. Wir haben uns inzwischen ein Haus in Korat gekauft, wo ich versuchen werde, gro\u00dfe Teile meines Lebens im Alter zu verbringen.<\/p>\n<p>Kurt Singer<br \/>\nim Februar 2010<\/p>\n<\/div><\/div><\/div><\/div><div class=\"et_pb_row_2 et_pb_row et_block_row\"><div class=\"et_pb_column_3 et_pb_column et_pb_column_4_4 et-last-child et_block_column et_pb_css_mix_blend_mode_passthrough\"><div class=\"et_pb_text_3 et_pb_text et_pb_bg_layout_light et_pb_module et_block_module\"><div class=\"et_pb_text_inner\"><p>Auch hier hat die Wirklichkeit den Traum \u00fcberholt. Am 7.7.2024 ging meine geliebte Frau Pour, genannt All, nach langem Leiden aufgrund einer Krebsoperation von uns. Mein Verh\u00e4ltnis zu Thailand bleibt bestehen, aber mein Leben wird sich nur noch zu kurzen Urlauben in Thailand abspielen. Unser Haus haben wir bereits im letzten Jahr verkauft.<\/p>\n<p>Im August 2024.<\/p>\n<\/div><\/div><\/div><\/div><div class=\"et_pb_row_3 et_pb_row et_block_row\"><div class=\"et_pb_column_4 et_pb_column et_pb_column_4_4 et-last-child et_block_column et_pb_css_mix_blend_mode_passthrough\"><div class=\"et_pb_divider_0 et_pb_divider_hidden et_pb_space et_pb_divider_position_top et_pb_module\"><div class=\"et_pb_divider_internal\"><\/div><\/div><\/div><\/div><\/div>\n","protected":false},"excerpt":{"rendered":"","protected":false},"author":1,"featured_media":0,"parent":13679,"menu_order":0,"comment_status":"closed","ping_status":"closed","template":"","meta":{"footnotes":""},"class_list":["post-14709","page","type-page","status-publish","hentry"],"_links":{"self":[{"href":"https:\/\/kurt-singer.com\/thailand\/wp-json\/wp\/v2\/pages\/14709","targetHints":{"allow":["GET"]}}],"collection":[{"href":"https:\/\/kurt-singer.com\/thailand\/wp-json\/wp\/v2\/pages"}],"about":[{"href":"https:\/\/kurt-singer.com\/thailand\/wp-json\/wp\/v2\/types\/page"}],"author":[{"embeddable":true,"href":"https:\/\/kurt-singer.com\/thailand\/wp-json\/wp\/v2\/users\/1"}],"replies":[{"embeddable":true,"href":"https:\/\/kurt-singer.com\/thailand\/wp-json\/wp\/v2\/comments?post=14709"}],"version-history":[{"count":5,"href":"https:\/\/kurt-singer.com\/thailand\/wp-json\/wp\/v2\/pages\/14709\/revisions"}],"predecessor-version":[{"id":16053,"href":"https:\/\/kurt-singer.com\/thailand\/wp-json\/wp\/v2\/pages\/14709\/revisions\/16053"}],"up":[{"embeddable":true,"href":"https:\/\/kurt-singer.com\/thailand\/wp-json\/wp\/v2\/pages\/13679"}],"wp:attachment":[{"href":"https:\/\/kurt-singer.com\/thailand\/wp-json\/wp\/v2\/media?parent=14709"}],"curies":[{"name":"wp","href":"https:\/\/api.w.org\/{rel}","templated":true}]}}