{"id":14751,"date":"2024-08-12T14:07:43","date_gmt":"2024-08-12T12:07:43","guid":{"rendered":"https:\/\/kurt-singer.com\/thailand\/?page_id=14751"},"modified":"2026-03-25T00:44:18","modified_gmt":"2026-03-24T23:44:18","slug":"junge-liebe","status":"publish","type":"page","link":"https:\/\/kurt-singer.com\/thailand\/familiengruendung\/junge-liebe\/","title":{"rendered":"Junge Liebe"},"content":{"rendered":"<div class=\"et_pb_section_0 et_pb_section et_section_regular et_block_section\"><div class=\"et_pb_row_0 et_pb_row et_block_row\"><div class=\"et_pb_column_0 et_pb_column et_pb_column_4_4 et-last-child et_block_column et_pb_css_mix_blend_mode_passthrough\"><div class=\"et_pb_text_0 et_pb_text et_pb_bg_layout_light et_pb_module et_block_module\"><div class=\"et_pb_text_inner\"><h1>Eine junge Liebe beginnt<\/h1>\n<\/div><\/div><\/div><\/div><div class=\"et_pb_row_1 et_pb_row et_block_row\"><div class=\"et_pb_column_1 et_pb_column et_pb_column_1_2 et_block_column et_pb_css_mix_blend_mode_passthrough\"><div class=\"et_pb_text_1 et_pb_text et_pb_bg_layout_light et_pb_module et_block_module\"><div class=\"et_pb_text_inner\"><p>Die junge Frau, Pung, war wieder einmal zu einem etwas l\u00e4ngeren Besuch in ihr Dorf in Thailand zur\u00fcckgekehrt. Sie war als 9-j\u00e4hrige nach Deutschland gekommen, hat aber nie den Kontakt zu ihrem Ursprung abreissen lassen.<br \/>Und immer wieder hat sie in ihrem Dorf auch Pong gesehen, und man kam sich n\u00e4her. Nun denn, bei diesem Besuch kam man sich sehr nahe, und da der Aufenthalt nicht ewig dauern w\u00fcrde war man sich einig, dass man sich genug liebe, um eine Ehe eingehen zu k\u00f6nnen. Und da Pung eine sehr praktisch veranlagte junge Frau ist, liess sie allen Beteiligten nicht lange Zeit zum \u00dcberlegen. Sie traf alle Vorbereitungen, den k\u00fcnftigen Ehemann gleich nach Deutschland mitzunehmen, und sie traf ebenso die Vorbereitungen, dort auch gleich heiraten zu k\u00f6nnen.<br \/>Das hiess:<\/p>\n<ul>\n<li>Papiere besorgen<\/li>\n<li>Papiere \u00fcbersetzen lassen<\/li>\n<li>Visum f\u00fcr Pong einholen<\/li>\n<\/ul>\n<p>Oh ihr Armen, dachtet ihr, das reicht aus? Schon mal irgend was von Legalisation geh\u00f6rt?<\/p>\n<\/div><\/div><\/div><div class=\"et_pb_column_2 et_pb_column et_pb_column_1_2 et-last-child et_block_column et_pb_css_mix_blend_mode_passthrough\"><div class=\"et_pb_text_2 et_pb_text et_pb_bg_layout_light et_pb_module et_block_module\"><div class=\"et_pb_text_inner\"><p>Legalismus jedenfalls bedeutet:<\/p>\n<p><strong><em>... der, -: strikte Befolgung des Gesetzes, starres Festhalten an Paragraphen u. Vorschriften<\/em><\/strong><\/p>\n<p>Papiere besorgen ist im heutigen Thailand nicht unm\u00f6glich. Und so machte man sich auch bald nach Bangkok auf, denn dort ist die Deutsche Botschaft, die ein Visum ausstellt. Gleich der Botschaft gegen\u00fcber ist ein \u00dcbersetzungsb\u00fcro, und dort lie\u00df man alle Papiere \u00fcbersetzen mit dem Hinweis, diese Papiere seien f\u00fcr Deutschland bestimmt. Die Deutsche Botschaft stellte auch innerhalb weniger Tage ein Schengen- Visum aus. Und das \u00dcbersetzungsb\u00fcro hatte eine \u00dcbersetzung aller Dokumente ins Englische angefertigt.<\/p>\n<p>Und frohen Mutes machte man sich auf die Reise nach Deutschland. Und verk\u00fcndete dem daheimgebliebenen Vater die frohe Botschaft der beabsichtigten Heirat.<\/p>\n<p>Und diesem schwante Schlimmes, hatte er doch vor fast zwanzig Jahren gleiches getan, und in der Erinnerung waren noch gut die beh\u00f6rdlichen Irrungen und Wirrungen vorhanden.<\/p>\n<\/div><\/div><\/div><\/div><\/div>","protected":false},"excerpt":{"rendered":"","protected":false},"author":1,"featured_media":0,"parent":13681,"menu_order":0,"comment_status":"closed","ping_status":"closed","template":"","meta":{"footnotes":""},"class_list":["post-14751","page","type-page","status-publish","hentry"],"_links":{"self":[{"href":"https:\/\/kurt-singer.com\/thailand\/wp-json\/wp\/v2\/pages\/14751","targetHints":{"allow":["GET"]}}],"collection":[{"href":"https:\/\/kurt-singer.com\/thailand\/wp-json\/wp\/v2\/pages"}],"about":[{"href":"https:\/\/kurt-singer.com\/thailand\/wp-json\/wp\/v2\/types\/page"}],"author":[{"embeddable":true,"href":"https:\/\/kurt-singer.com\/thailand\/wp-json\/wp\/v2\/users\/1"}],"replies":[{"embeddable":true,"href":"https:\/\/kurt-singer.com\/thailand\/wp-json\/wp\/v2\/comments?post=14751"}],"version-history":[{"count":6,"href":"https:\/\/kurt-singer.com\/thailand\/wp-json\/wp\/v2\/pages\/14751\/revisions"}],"predecessor-version":[{"id":16054,"href":"https:\/\/kurt-singer.com\/thailand\/wp-json\/wp\/v2\/pages\/14751\/revisions\/16054"}],"up":[{"embeddable":true,"href":"https:\/\/kurt-singer.com\/thailand\/wp-json\/wp\/v2\/pages\/13681"}],"wp:attachment":[{"href":"https:\/\/kurt-singer.com\/thailand\/wp-json\/wp\/v2\/media?parent=14751"}],"curies":[{"name":"wp","href":"https:\/\/api.w.org\/{rel}","templated":true}]}}