{"id":15143,"date":"2024-08-13T12:16:03","date_gmt":"2024-08-13T10:16:03","guid":{"rendered":"https:\/\/kurt-singer.com\/thailand\/?page_id=15143"},"modified":"2026-03-25T00:45:06","modified_gmt":"2026-03-24T23:45:06","slug":"2005-arbeiten","status":"publish","type":"page","link":"https:\/\/kurt-singer.com\/thailand\/2005-arbeiten\/","title":{"rendered":"2005 Arbeiten"},"content":{"rendered":"\n<div class=\"et_pb_section_0 et_pb_section et_section_regular et_block_section\"><div class=\"et_pb_row_0 et_pb_row et_block_row\"><div class=\"et_pb_column_0 et_pb_column et_pb_column_4_4 et-last-child et_block_column et_pb_css_mix_blend_mode_passthrough\"><div class=\"et_pb_menu_0 et_pb_menu et_pb_menu--without-logo et_pb_menu--style-left_aligned et_dropdown_animation_fade et_pb_bg_layout_light et_pb_text_align_right-tablet et_pb_text_align_right-phone et_pb_module et_flex_module\"><div class=\"et_pb_menu_inner_container et_flex_module\"><div class=\"et_pb_menu__wrap\"><div class=\"et_pb_menu__menu\"><nav class=\"et-menu-nav\"><ul id=\"menu-reise2005\" class=\"et-menu nav downwards\"><li id=\"menu-item-15167\" class=\"et_pb_menu_page_id-15141 menu-item menu-item-type-post_type menu-item-object-page menu-item-15167\"><a href=\"https:\/\/kurt-singer.com\/thailand\/2005-ankunft\/\">Ankunft<\/a><\/li>\n<li id=\"menu-item-15166\" class=\"et_pb_menu_page_id-15143 menu-item menu-item-type-post_type menu-item-object-page menu-item-15166\"><a href=\"https:\/\/kurt-singer.com\/thailand\/2005-arbeiten\/\">Arbeiten<\/a><\/li>\n<li id=\"menu-item-15165\" class=\"et_pb_menu_page_id-15145 menu-item menu-item-type-post_type menu-item-object-page menu-item-15165\"><a href=\"https:\/\/kurt-singer.com\/thailand\/2005-geburtstag\/\">Geburtstag<\/a><\/li>\n<li id=\"menu-item-15164\" class=\"et_pb_menu_page_id-15147 menu-item menu-item-type-post_type menu-item-object-page menu-item-has-children menu-item-15164\"><a href=\"https:\/\/kurt-singer.com\/thailand\/2005-ausfluege\/\">Ausfl\u00fcge<\/a>\n<ul class=\"sub-menu\">\n\t<li id=\"menu-item-15163\" class=\"et_pb_menu_page_id-15149 menu-item menu-item-type-post_type menu-item-object-page menu-item-15163\"><a href=\"https:\/\/kurt-singer.com\/thailand\/2005-korat-zoo\/\">2005 Korat Zoo<\/a><\/li>\n\t<li id=\"menu-item-15162\" class=\"et_pb_menu_page_id-15151 menu-item menu-item-type-post_type menu-item-object-page menu-item-15162\"><a href=\"https:\/\/kurt-singer.com\/thailand\/2005-sema\/\">2005 Sema<\/a><\/li>\n\t<li id=\"menu-item-15161\" class=\"et_pb_menu_page_id-15153 menu-item menu-item-type-post_type menu-item-object-page menu-item-15161\"><a href=\"https:\/\/kurt-singer.com\/thailand\/2005-luong-pho-khun\/\">2005 Luong Pho Khun<\/a><\/li>\n\t<li id=\"menu-item-15160\" class=\"et_pb_menu_page_id-15155 menu-item menu-item-type-post_type menu-item-object-page menu-item-15160\"><a href=\"https:\/\/kurt-singer.com\/thailand\/2005-pa-kho\/\">2005 Pa Kho<\/a><\/li>\n\t<li id=\"menu-item-15159\" class=\"et_pb_menu_page_id-15157 menu-item menu-item-type-post_type menu-item-object-page menu-item-15159\"><a href=\"https:\/\/kurt-singer.com\/thailand\/2005-phi-mai\/\">2005 Phi Mai<\/a><\/li>\n<\/ul>\n<\/li>\n<\/ul><\/nav><\/div><div class=\"et_mobile_nav_menu\"><div class=\"mobile_nav closed\"><span class=\"mobile_menu_bar\"><\/span><\/div><\/div><\/div><\/div><\/div><\/div><\/div><\/div><div class=\"et_pb_section_1 et_pb_section et_section_regular et_block_section\"><div class=\"et_pb_row_1 et_pb_row et_block_row\"><div class=\"et_pb_column_1 et_pb_column et_pb_column_4_4 et-last-child et_block_column et_pb_css_mix_blend_mode_passthrough\"><div class=\"et_pb_text_0 et_pb_text et_pb_bg_layout_light et_pb_module et_block_module\"><div class=\"et_pb_text_inner\"><h1>Das Haus wird eingerichtet<\/h1>\n<\/div><\/div><\/div><\/div><div class=\"et_pb_row_2 et_pb_row et_pb_row_3-4_1-4 et_block_row et_block_row_3-4_1-4\"><div class=\"et_pb_column_2 et_pb_column et_pb_column_3_4 et_block_column et_pb_css_mix_blend_mode_passthrough\"><div class=\"et_pb_text_1 et_pb_text et_pb_bg_layout_light et_pb_module et_block_module\"><div class=\"et_pb_text_inner\"><p><strong>Montag, 25.7.<\/strong><\/p>\n<p>Wegen des sp\u00e4ten Schlafengehens wache ich erst um 9.45 Uhr auf. Bis 10 Uhr gibts Fr\u00fchst\u00fcck im Hotelrestaurant. Ein Telefonat, und Fr\u00fchst\u00fcck gibts heute bis 10.30 Uhr. Die Enkelkinder waren schon gespannt auf den Pool, und den nutzten wir auch kr\u00e4ftig aus, fast bis zum Ausk\u00fchlen. Ansonsten ist Einkaufen angesagt. In einer M\u00f6bel Factory suchen wir 2 Schlafzimmer und das Wohnzimmer aus, morgen wird geliefert, und ab dann wohnen wir in unserem Haus.<\/p>\n<p>Inzwischen ist auch f\u00fcr mich Schlafenszeit, und ich freue mich auf mein Bett. Guts N\u00e4chtle, die n\u00e4chsten Tage werden nicht sehr ereignisreich werden, es sei denn, ich schlage mir beim N\u00e4geleinhauen auf die Finger. Aber dann werde ich nicht mehr schreiben k\u00f6nnen. Erwartet also im Moment nix Gro\u00dfartiges.<\/p>\n<p><strong>Dienstag, 26.7.<\/strong><\/p>\n<p>Heute sind die M\u00f6bel geliefert worden. Dass wir zwei gleiche Zimmer gekauft haben verwirrte die M\u00f6belaufsteller einigerma\u00dfen, und erst nach mehreren Versuchen hatten sie die M\u00f6belteile komplett zusammen gebaut. Zu den Betten geh\u00f6ren je eine gro\u00dfe Matratze, und zu jeder gekauften wird uns noch eine kleine Matratze geschenkt. Das n\u00e4chste Zimmer, das G\u00e4stezimmer also, wird dann nach den geschenkten Matratzen eingerichtet. Wegen der Enkelkinder lassen wir im Zimmer der Tochter eine Klimaanlage einbauen.<\/p>\n<p>Ich fange an, Nachbarschaft zu betreiben. Die Nachbarin von gegen\u00fcber verkauft selbst gebackene kleine Kuchen, und ich decke mich reichlich ein, der Enkelkinder wegen nat\u00fcrlich. Sie ist auch die Stra\u00dfenzeitung, und so kann ich mir die unmittelbaren Nachbarn rechts und links einsparen, die werden jetzt von der B\u00e4ckerin informiert.<\/p>\n<p>Weiter unten eine Mani- \/Pedik\u00fcre, und hier mache ich mich ebenfalls schon mal bekannt.<\/p>\n<p>Der dritte im Bunde ist dann der Friseur. Obwohl es noch nicht notwendig ist k\u00fcrzt er mir die Haare extrem und ich werde erst wieder am Ende der Reise zu ihm gehen m\u00fcssen.<\/p>\n<p>Und zu guter Letzt kommt das Restaurant am Ende der Soi dran, Wasser und Saft und ein paar leckere Kleinigkeiten werden gekauft. So habe ich mich zweckm\u00e4ssig \u00fcberall bekannt gemacht.<\/p>\n<p><strong>Mittwoch, 27.7.<\/strong><\/p>\n<p>Ich wollte eigentlich selbst Hand anlegen. Das Tor neu streichen zum Beispiel. Aber f\u00fcr 10 Euro, also 500 Baht, macht das der Handwerker, einschlie\u00dflich aller Vorarbeiten und der Farbe. Das muss ich mir also nicht antun, und das werde ich mir auch nicht antun. Schlie\u00dflich habe ich Urlaub.<br \/>\nUnd da er geschickt ist \u00fcbergebe ich ihm auch alles Weitere: K\u00fcche und Bad neu fliesen, Dusche und Wasserh\u00e4hne austauschen. Das Fliesenlegen kostet 100 Baht pro qm f\u00fcr die K\u00fcche und 170 Baht pro qm f\u00fcr das Bad. W\u00e4hrend der Arbeiten fahren wir nach Roi Et, ich mag anderen nicht beim Arbeiten zuschauen.<br \/>\nNach R\u00fcckkehr am Sonntag sind alle Arbeiten erledigt. Einen Handwerker- Sch\u00f6nheitspreis wird er mit seiner Arbeit nicht gewinnen, aber die Fugen sind einigerma\u00dfen gerade und sauber.<\/p>\n<\/div><\/div><\/div><div class=\"et_pb_column_3 et_pb_column et_pb_column_1_4 et-last-child et_block_column et_pb_css_mix_blend_mode_passthrough\"><div class=\"et_pb_image_0 et_pb_image et_pb_image_sticky et_pb_has_overlay et_pb_module et_block_module\"><a href=\"https:\/\/kurt-singer.com\/thailand\/wp-content\/uploads\/sites\/7\/2024\/08\/2005-Pool.jpg\" class=\"et_pb_lightbox_image\"><span class=\"et_pb_image_wrap\"><img loading=\"lazy\" decoding=\"async\" src=\"https:\/\/kurt-singer.com\/thailand\/wp-content\/uploads\/sites\/7\/2024\/08\/2005-Pool.jpg\" width=\"980\" height=\"735\" srcset=\"https:\/\/kurt-singer.com\/thailand\/wp-content\/uploads\/sites\/7\/2024\/08\/2005-Pool.jpg 980w, https:\/\/kurt-singer.com\/thailand\/wp-content\/uploads\/sites\/7\/2024\/08\/2005-Pool-480x360.jpg 480w\" sizes=\"(min-width: 0px) and (max-width: 480px) 480px, (min-width: 481px) 980px, 100vw\" class=\"wp-image-15215\" \/><span class=\"et_overlay et_pb_inline_icon\" data-icon=\"T\"><\/span><\/span><\/a><\/div><div class=\"et_pb_text_2 et_pb_text et_pb_bg_layout_light et_pb_module et_block_module\"><div class=\"et_pb_text_inner\"><pre style=\"text-align: center;\">Kinder im Pool<\/pre>\n<\/div><\/div><div class=\"et_pb_image_1 et_pb_image et_pb_image_sticky et_pb_has_overlay et_pb_module et_block_module\"><a href=\"https:\/\/kurt-singer.com\/thailand\/wp-content\/uploads\/sites\/7\/2024\/08\/2005-Pedikuere.jpg\" class=\"et_pb_lightbox_image\"><span class=\"et_pb_image_wrap\"><img loading=\"lazy\" decoding=\"async\" src=\"https:\/\/kurt-singer.com\/thailand\/wp-content\/uploads\/sites\/7\/2024\/08\/2005-Pedikuere.jpg\" width=\"980\" height=\"735\" srcset=\"https:\/\/kurt-singer.com\/thailand\/wp-content\/uploads\/sites\/7\/2024\/08\/2005-Pedikuere.jpg 980w, https:\/\/kurt-singer.com\/thailand\/wp-content\/uploads\/sites\/7\/2024\/08\/2005-Pedikuere-480x360.jpg 480w\" sizes=\"(min-width: 0px) and (max-width: 480px) 480px, (min-width: 481px) 980px, 100vw\" class=\"wp-image-15216\" \/><span class=\"et_overlay et_pb_inline_icon\" data-icon=\"T\"><\/span><\/span><\/a><\/div><div class=\"et_pb_text_3 et_pb_text et_pb_bg_layout_light et_pb_module et_block_module\"><div class=\"et_pb_text_inner\"><pre style=\"text-align: center;\">Pedik\u00fcre<\/pre>\n<\/div><\/div><div class=\"et_pb_image_2 et_pb_image et_pb_image_sticky et_pb_has_overlay et_pb_module et_block_module\"><a href=\"https:\/\/kurt-singer.com\/thailand\/wp-content\/uploads\/sites\/7\/2024\/08\/2005-Moebel.jpg\" class=\"et_pb_lightbox_image\"><span class=\"et_pb_image_wrap\"><img loading=\"lazy\" decoding=\"async\" src=\"https:\/\/kurt-singer.com\/thailand\/wp-content\/uploads\/sites\/7\/2024\/08\/2005-Moebel.jpg\" width=\"980\" height=\"735\" srcset=\"https:\/\/kurt-singer.com\/thailand\/wp-content\/uploads\/sites\/7\/2024\/08\/2005-Moebel.jpg 980w, https:\/\/kurt-singer.com\/thailand\/wp-content\/uploads\/sites\/7\/2024\/08\/2005-Moebel-480x360.jpg 480w\" sizes=\"(min-width: 0px) and (max-width: 480px) 480px, (min-width: 481px) 980px, 100vw\" class=\"wp-image-15217\" \/><span class=\"et_overlay et_pb_inline_icon\" data-icon=\"T\"><\/span><\/span><\/a><\/div><div class=\"et_pb_text_4 et_pb_text et_pb_bg_layout_light et_pb_module et_block_module\"><div class=\"et_pb_text_inner\"><pre style=\"text-align: center;\">M\u00f6bellieferung<\/pre>\n<\/div><\/div><div class=\"et_pb_image_3 et_pb_image et_pb_image_sticky et_pb_has_overlay et_pb_module et_block_module\"><a href=\"https:\/\/kurt-singer.com\/thailand\/wp-content\/uploads\/sites\/7\/2024\/08\/2005-Klimaanlage.jpg\" class=\"et_pb_lightbox_image\"><span class=\"et_pb_image_wrap\"><img loading=\"lazy\" decoding=\"async\" src=\"https:\/\/kurt-singer.com\/thailand\/wp-content\/uploads\/sites\/7\/2024\/08\/2005-Klimaanlage.jpg\" width=\"980\" height=\"735\" srcset=\"https:\/\/kurt-singer.com\/thailand\/wp-content\/uploads\/sites\/7\/2024\/08\/2005-Klimaanlage.jpg 980w, https:\/\/kurt-singer.com\/thailand\/wp-content\/uploads\/sites\/7\/2024\/08\/2005-Klimaanlage-480x360.jpg 480w\" sizes=\"(min-width: 0px) and (max-width: 480px) 480px, (min-width: 481px) 980px, 100vw\" class=\"wp-image-15218\" \/><span class=\"et_overlay et_pb_inline_icon\" data-icon=\"T\"><\/span><\/span><\/a><\/div><div class=\"et_pb_text_5 et_pb_text et_pb_bg_layout_light et_pb_module et_block_module\"><div class=\"et_pb_text_inner\"><pre style=\"text-align: center;\">Einbau der Klimaanlage<\/pre>\n<\/div><\/div><\/div><\/div><\/div>\n","protected":false},"excerpt":{"rendered":"","protected":false},"author":1,"featured_media":0,"parent":0,"menu_order":0,"comment_status":"closed","ping_status":"closed","template":"","meta":{"footnotes":""},"class_list":["post-15143","page","type-page","status-publish","hentry"],"_links":{"self":[{"href":"https:\/\/kurt-singer.com\/thailand\/wp-json\/wp\/v2\/pages\/15143","targetHints":{"allow":["GET"]}}],"collection":[{"href":"https:\/\/kurt-singer.com\/thailand\/wp-json\/wp\/v2\/pages"}],"about":[{"href":"https:\/\/kurt-singer.com\/thailand\/wp-json\/wp\/v2\/types\/page"}],"author":[{"embeddable":true,"href":"https:\/\/kurt-singer.com\/thailand\/wp-json\/wp\/v2\/users\/1"}],"replies":[{"embeddable":true,"href":"https:\/\/kurt-singer.com\/thailand\/wp-json\/wp\/v2\/comments?post=15143"}],"version-history":[{"count":4,"href":"https:\/\/kurt-singer.com\/thailand\/wp-json\/wp\/v2\/pages\/15143\/revisions"}],"predecessor-version":[{"id":16091,"href":"https:\/\/kurt-singer.com\/thailand\/wp-json\/wp\/v2\/pages\/15143\/revisions\/16091"}],"wp:attachment":[{"href":"https:\/\/kurt-singer.com\/thailand\/wp-json\/wp\/v2\/media?parent=15143"}],"curies":[{"name":"wp","href":"https:\/\/api.w.org\/{rel}","templated":true}]}}