{"id":15779,"date":"2024-08-13T22:15:25","date_gmt":"2024-08-13T20:15:25","guid":{"rendered":"https:\/\/kurt-singer.com\/thailand\/?page_id=15779"},"modified":"2026-03-25T00:46:24","modified_gmt":"2026-03-24T23:46:24","slug":"2012-nichtstun","status":"publish","type":"page","link":"https:\/\/kurt-singer.com\/thailand\/2012-nichtstun\/","title":{"rendered":"2012 Nichtstun"},"content":{"rendered":"\n<div class=\"et_pb_section_0 et_pb_section et_section_regular et_block_section\"><div class=\"et_pb_row_0 et_pb_row et_block_row\"><div class=\"et_pb_column_0 et_pb_column et_pb_column_4_4 et-last-child et_block_column et_pb_css_mix_blend_mode_passthrough\"><div class=\"et_pb_menu_0 et_pb_menu et_pb_menu--without-logo et_pb_menu--style-left_aligned et_dropdown_animation_fade et_pb_bg_layout_light et_pb_text_align_right-tablet et_pb_text_align_right-phone et_pb_module et_flex_module\"><div class=\"et_pb_menu_inner_container et_flex_module\"><div class=\"et_pb_menu__wrap\"><div class=\"et_pb_menu__menu\"><nav class=\"et-menu-nav\"><ul id=\"menu-reise2012\" class=\"et-menu nav downwards\"><li id=\"menu-item-15763\" class=\"et_pb_menu_page_id-15761 menu-item menu-item-type-post_type menu-item-object-page menu-item-has-children menu-item-15763\"><a href=\"https:\/\/kurt-singer.com\/thailand\/2012-vorwort\/\">Vorwort<\/a>\n<ul class=\"sub-menu\">\n\t<li id=\"menu-item-15804\" class=\"et_pb_menu_page_id-15765 menu-item menu-item-type-post_type menu-item-object-page menu-item-15804\"><a href=\"https:\/\/kurt-singer.com\/thailand\/2012-buchung\/\">2012 Buchung<\/a><\/li>\n\t<li id=\"menu-item-15803\" class=\"et_pb_menu_page_id-15767 menu-item menu-item-type-post_type menu-item-object-page menu-item-15803\"><a href=\"https:\/\/kurt-singer.com\/thailand\/2012-bangkok\/\">2012 Bangkok<\/a><\/li>\n\t<li id=\"menu-item-15801\" class=\"et_pb_menu_page_id-15769 menu-item menu-item-type-post_type menu-item-object-page menu-item-15801\"><a href=\"https:\/\/kurt-singer.com\/thailand\/2012-susanne-und-peter\/\">2012 Susanne und Peter<\/a><\/li>\n<\/ul>\n<\/li>\n<li id=\"menu-item-15816\" class=\"et_pb_menu_page_id-15771 menu-item menu-item-type-post_type menu-item-object-page menu-item-has-children menu-item-15816\"><a href=\"https:\/\/kurt-singer.com\/thailand\/2012-korat\/\">Korat<\/a>\n<ul class=\"sub-menu\">\n\t<li id=\"menu-item-15817\" class=\"et_pb_menu_page_id-15773 menu-item menu-item-type-post_type menu-item-object-page menu-item-15817\"><a href=\"https:\/\/kurt-singer.com\/thailand\/2012-nachbarskinder\/\">2012 Nachbarskinder<\/a><\/li>\n\t<li id=\"menu-item-15808\" class=\"et_pb_menu_page_id-15775 menu-item menu-item-type-post_type menu-item-object-page menu-item-15808\"><a href=\"https:\/\/kurt-singer.com\/thailand\/2012-begegnungen\/\">2012 Begegnungen<\/a><\/li>\n\t<li id=\"menu-item-15811\" class=\"et_pb_menu_page_id-15777 menu-item menu-item-type-post_type menu-item-object-page menu-item-15811\"><a href=\"https:\/\/kurt-singer.com\/thailand\/2012-die-toilette\/\">2012 Die Toilette<\/a><\/li>\n\t<li id=\"menu-item-15819\" class=\"et_pb_menu_page_id-15779 menu-item menu-item-type-post_type menu-item-object-page menu-item-15819\"><a href=\"https:\/\/kurt-singer.com\/thailand\/2012-nichtstun\/\">2012 Nichtstun<\/a><\/li>\n\t<li id=\"menu-item-15813\" class=\"et_pb_menu_page_id-15781 menu-item menu-item-type-post_type menu-item-object-page menu-item-15813\"><a href=\"https:\/\/kurt-singer.com\/thailand\/2012-erinnerungen\/\">2012 Erinnerungen<\/a><\/li>\n\t<li id=\"menu-item-15805\" class=\"et_pb_menu_page_id-15783 menu-item menu-item-type-post_type menu-item-object-page menu-item-15805\"><a href=\"https:\/\/kurt-singer.com\/thailand\/2012-29-wat\/\">2012 29 Wat<\/a><\/li>\n\t<li id=\"menu-item-15812\" class=\"et_pb_menu_page_id-15785 menu-item menu-item-type-post_type menu-item-object-page menu-item-15812\"><a href=\"https:\/\/kurt-singer.com\/thailand\/2012-die-treppe\/\">2012 Die Treppe<\/a><\/li>\n\t<li id=\"menu-item-15815\" class=\"et_pb_menu_page_id-15787 menu-item menu-item-type-post_type menu-item-object-page menu-item-15815\"><a href=\"https:\/\/kurt-singer.com\/thailand\/2012-gluecksprinzip\/\">2012 Gl\u00fccksprinzip<\/a><\/li>\n\t<li id=\"menu-item-15814\" class=\"et_pb_menu_page_id-15789 menu-item menu-item-type-post_type menu-item-object-page menu-item-15814\"><a href=\"https:\/\/kurt-singer.com\/thailand\/2012-gedanken\/\">2012 Gedanken<\/a><\/li>\n<\/ul>\n<\/li>\n<li id=\"menu-item-15806\" class=\"et_pb_menu_page_id-15791 menu-item menu-item-type-post_type menu-item-object-page menu-item-has-children menu-item-15806\"><a href=\"https:\/\/kurt-singer.com\/thailand\/2012-ausfluege\/\">Ausfl\u00fcge<\/a>\n<ul class=\"sub-menu\">\n\t<li id=\"menu-item-15810\" class=\"et_pb_menu_page_id-15793 menu-item menu-item-type-post_type menu-item-object-page menu-item-15810\"><a href=\"https:\/\/kurt-singer.com\/thailand\/2012-chaiyaphum\/\">2012 Chaiyaphum<\/a><\/li>\n\t<li id=\"menu-item-15820\" class=\"et_pb_menu_page_id-15795 menu-item menu-item-type-post_type menu-item-object-page menu-item-15820\"><a href=\"https:\/\/kurt-singer.com\/thailand\/2012-pak-tong-chai\/\">2012 Pak Tong Chai<\/a><\/li>\n<\/ul>\n<\/li>\n<li id=\"menu-item-15821\" class=\"et_pb_menu_page_id-15797 menu-item menu-item-type-post_type menu-item-object-page menu-item-15821\"><a href=\"https:\/\/kurt-singer.com\/thailand\/2012-rueckreise\/\">R\u00fcckreise<\/a><\/li>\n<li id=\"menu-item-15818\" class=\"et_pb_menu_page_id-15799 menu-item menu-item-type-post_type menu-item-object-page menu-item-15818\"><a href=\"https:\/\/kurt-singer.com\/thailand\/2012-nachbetrachtung\/\">Nachbetrachtung<\/a><\/li>\n<\/ul><\/nav><\/div><div class=\"et_mobile_nav_menu\"><div class=\"mobile_nav closed\"><span class=\"mobile_menu_bar\"><\/span><\/div><\/div><\/div><\/div><\/div><\/div><\/div><\/div><div class=\"et_pb_section_1 et_pb_section et_section_regular et_block_section\"><div class=\"et_pb_row_1 et_pb_row et_block_row\"><div class=\"et_pb_column_1 et_pb_column et_pb_column_4_4 et-last-child et_block_column et_pb_css_mix_blend_mode_passthrough\"><div class=\"et_pb_text_0 et_pb_text et_pb_bg_layout_light et_pb_module et_block_module\"><div class=\"et_pb_text_inner\"><h1>\u00a0Nichts kann doch so unendlich viel sein<\/h1>\n<\/div><\/div><\/div><\/div><div class=\"et_pb_row_2 et_pb_row et_pb_row_3-4_1-4 et_block_row et_block_row_3-4_1-4\"><div class=\"et_pb_column_2 et_pb_column et_pb_column_3_4 et_block_column et_pb_css_mix_blend_mode_passthrough\"><div class=\"et_pb_text_1 et_pb_text et_pb_bg_layout_light et_pb_module et_block_module\"><div class=\"et_pb_text_inner\"><p>Wie beschreibt man eigentlich Nichts? Oder fast Nichts? Nicht, dass das Nichts einfach nur Nichts w\u00e4re, denn eine ganze Religion, meine Religion, der Buddhismus, hat das Nichts zum Ziel, das Nirvana, das Erl\u00f6schen. Aber davon will ich heute nichts schreiben, sondern \u00fcber die letzten Tage. Was ist eigentlich Aufregendes passiert? Nein, nicht schon wieder dieses Wort, denn ein wenig gibt es doch zu berichten, auch wenn es vielleicht nur f\u00fcr mich etwas Aufregendes war.<\/p>\n<p>Seit meinem Ausflug nach Pak Thong Chai war das Aufregendste das morgendliche und abendliche Blutzuckermessen. Ich habe in gar Vielem gegen das allgemeine Mahlzeitengebot f\u00fcr Diabetiker verstossen, habe Nutella zum Fr\u00fchst\u00fcck und Cola zum Abendessen genommen. Und trotzdem sind meine Blutzuckerwerte so gut wie schon seit Jahren nicht mehr, und ich messe teilweise sogar mittags, wenn ich zuhause bin, um mir das selbst zu best\u00e4tigen. Und weiterhin ist bemerkenswert, dass es zur Zeit kaum regnet, abends und nachts schon mal, aber die heftigen Regenf\u00e4lle der ersten Tage bleiben im Moment aus, zumindest hier in Korat. Daf\u00fcr ist die durchschnittlich gemessene Temparatur im Schatten auf \u00fcber 30 Grad C gestiegen, und ab 30 Grad schalte ich ja den Ventilator an, wenn ich auf der Terrasse sitze. Die Klimaanlage l\u00e4uft auch schon mal eine halbe Stunde abends im Schlafzimmer, aber die Hitze macht mir jetzt weniger zu schaffen als vor 3-4 Wochen noch. Ich habe mich mit den Mahlzeiten auch auf die Thais eingestellt, weniger aber h\u00e4ufiger. Vielleicht ist das mein Konzept der Zukunft und hilft mir auch beim Reisen weiter.<\/p>\n<p>Am Sonntag hat mich die ganze Korater Familie abgeholt zum Tambun. Und so fahren wir mit Leks neuem Pickup, 6 Erwachsene, 3 Kinder und 1 Baby, zum Wat Samanmit im Amphoe Chaloem Phra Khiat zum Duschen. ??? Das Wat ist bekannt f\u00fcr eine besondere Zeremonie. Aber der Reihe nach. Die \u00e4lteren Kinder \u00fcbergeben in der Tambunzeremonie jedes einen vorher gekauften und speziell daf\u00fcr zurechtgemachten Eimer mit Gaben f\u00fcr die M\u00f6nche. Danach erfolgt der Wassersegen des M\u00f6nchs und die Tuchzeremonie, und dann ist die Essenszeit der M\u00f6nche gekommen, welche diese einhalten m\u00fcssen. Wir haben also erst einmal Pause und k\u00f6nnen uns gem\u00fctlich zun\u00e4chst im Wat umsehen und und dann zur Reinigungszeremonie umziehen. Der Andrang daf\u00fcr ist gross, und als der M\u00f6nch beginnt, uns mit dem Wasser zu \u00fcbergiessen habe ich den Eindruck, man habe vorher noch viele Eisw\u00fcrfel ins Wasser getan, es kommt mir jedenfalls eiskalt vor, was aber nicht wirklich unangenehm ist, denn die Temparatur d\u00fcrfte schon weit \u00fcber 30 Grad liegen. So gereinigt werden noch einige V\u00f6gel, eine Schildkr\u00f6te und zwei kleine Aale freigelassen und so das Karma aller in einem gemeinsamen Tambun von Kindern und Erwachsenen positiv beeinflusst.<\/p>\n<p>Als wir in dem ausgesuchten Restaurant in der N\u00e4he von Phanom Wan ankommen, m\u00fcssen wir feststellen, dass es keine freien Pl\u00e4tze mehr gibt. Warten m\u00fcssen wir auch nicht, denn der Reis ist ausgegangen, und es wird kein frischer mehr gekocht. So fahren wir denn zur Schule von Nichte Nang, denn dort wird Sonntags f\u00fcr die Oeffentlichkeit gekocht, und das Ergebnis kann sich durchaus sehen resp. essen lassen.<\/p>\n<p>Ja, das gibt es zu berichten aus den letzten Tagen. Ich sitze auf meiner Terrasse (ihr wisst schon, eigentlich der Hof), und gerade hat jemand eine Badewanne ausgesch\u00fcttet. Das ist wirklich kein Regen, sondern ein Guss, und innerhalb von Sekunden steht die Strasse 2 cm unter Wasser. Nun sind es bis zur Wohnzimmerstufe immer noch 20 cm, und meine Terrasse ist weit \u00fcberdacht, aber alleine der L\u00e4rm dieses Wasserfalls ist schon ein wenig erschreckend. Aber wenige Minuten sp\u00e4ter ist das schon vorbei, und ich nehme noch einen Schluck Singha Beer zu mir. Was macht der eigentlich den lieben langen ganzen Tag, mag man sich fragen. Oh, die Tage werden nicht nutzlos vertan. Ich schwitze mehrere Stunden t\u00e4glich \u00fcber meinem ABC-Sch\u00fctzenbuch, also in Wirklichkeit muss das ja go gai, ko kai, ko kuat, ko kwai- Buch heissen, das ist n\u00e4mlich der Anfang des Thai-ABCs (gelle, Werner??), aber ich lerne nach der Ganzheitsmethode, also nicht Buchstabe f\u00fcr Buchstabe, sondern gleich ganze W\u00f6rter. Und meine Nachbarin, die mit den Kindern, gibt mir ganz gute Noten f\u00fcr die Ausf\u00fchrung. Ja, die Nachbarin und die Kinder haben mir gestern grosse Sorgen gemacht. Sie bringt jeden Morgen die Kinder mit dem Moped zum Kindergartenbus, sie, das heisst die beiden Kinder, die Mutter und die Grossmutter auf einem Moped, die Erwachsenen vorschriftsmaessig mit Helm, die Kinder ohne davor und dazwischen. Und gestern wollte ich davon ein Foto machen. Ich weiss nicht warum, sie werden sich davon nicht beeindrucken lassen.<\/p>\n<p>Jedenfalls fahren Mama und Oma wie jeden Tag gegen halb f\u00fcnf mit dem Moped vom Hof, gew\u00f6hnlich kehren sie 5-10 min sp\u00e4ter zur\u00fcck. Ich \u00f6ffne also mein Hoftor ganz und stelle die Kamera ein. Ich m\u00f6chte das ja m\u00f6glichst unbeobachtet fotografieren. Aber es tut sich nichts. Bei jedem Moped, das sich anh\u00f6rt, als biege es in unsere Soi ein, mache ich mich erneut schussbereit - nichts. Eine Stunde warte ich so, und ich werde immer unruhiger. Ich will das fotografieren, weil ich das f\u00fcr so gef\u00e4hrlich halte, und nun kommen sie einfach nicht. Ob da was passiert ist? Es wird dunkel und es ist kein Fotolicht mehr vorhanden. So breche ich ab, aber ich bin wirklich unruhig. Am n\u00e4chsten Morgen dann um 7 Uhr ist die Welt wieder in Ordnung, ich h\u00f6re das Moped, die bekannten Kinderstimmen - die Familie ist wieder da. Ich weiss nicht, wo sie waren, es geht mich auch nichts an. Aber es ist nichts passiert, und ich bin wieder die Ruhe selbst. Das gewohnte Kindergeschrei st\u00f6rt mich nicht, und heute gehen sie nicht zum Kindergarten. Daf\u00fcr fotografiere ich sie beim Spielen im Hof, und nur weil sie wieder da sind gebe ich ihnen die grosse T\u00fcte mit gebrannten Mandeln, auf die ich mich so gefreut habe.<\/p>\n<\/div><\/div><\/div><div class=\"et_pb_column_3 et_pb_column et_pb_column_1_4 et-last-child et_block_column et_pb_css_mix_blend_mode_passthrough\"><div class=\"et_pb_image_0 et_pb_image et_pb_image_sticky et_pb_has_overlay et_pb_module et_block_module\"><a href=\"https:\/\/kurt-singer.com\/thailand\/wp-content\/uploads\/sites\/7\/2024\/08\/2012-Wat-Samanmit-1.jpg\" class=\"et_pb_lightbox_image\"><span class=\"et_pb_image_wrap\"><img loading=\"lazy\" decoding=\"async\" src=\"https:\/\/kurt-singer.com\/thailand\/wp-content\/uploads\/sites\/7\/2024\/08\/2012-Wat-Samanmit-1.jpg\" width=\"980\" height=\"735\" srcset=\"https:\/\/kurt-singer.com\/thailand\/wp-content\/uploads\/sites\/7\/2024\/08\/2012-Wat-Samanmit-1.jpg 980w, https:\/\/kurt-singer.com\/thailand\/wp-content\/uploads\/sites\/7\/2024\/08\/2012-Wat-Samanmit-1-480x360.jpg 480w\" sizes=\"(min-width: 0px) and (max-width: 480px) 480px, (min-width: 481px) 980px, 100vw\" class=\"wp-image-13589\" \/><span class=\"et_overlay et_pb_inline_icon\" data-icon=\"T\"><\/span><\/span><\/a><\/div><div class=\"et_pb_text_2 et_pb_text et_pb_bg_layout_light et_pb_module et_block_module\"><div class=\"et_pb_text_inner\"><pre>\u00a0Wat Samanmit<\/pre>\n<\/div><\/div><div class=\"et_pb_image_1 et_pb_image et_pb_image_sticky et_pb_has_overlay et_pb_module et_block_module\"><a href=\"https:\/\/kurt-singer.com\/thailand\/wp-content\/uploads\/sites\/7\/2024\/08\/2012-Wat-Samanmit-2.jpg\" class=\"et_pb_lightbox_image\"><span class=\"et_pb_image_wrap\"><img loading=\"lazy\" decoding=\"async\" src=\"https:\/\/kurt-singer.com\/thailand\/wp-content\/uploads\/sites\/7\/2024\/08\/2012-Wat-Samanmit-2.jpg\" width=\"980\" height=\"735\" srcset=\"https:\/\/kurt-singer.com\/thailand\/wp-content\/uploads\/sites\/7\/2024\/08\/2012-Wat-Samanmit-2.jpg 980w, https:\/\/kurt-singer.com\/thailand\/wp-content\/uploads\/sites\/7\/2024\/08\/2012-Wat-Samanmit-2-480x360.jpg 480w\" sizes=\"(min-width: 0px) and (max-width: 480px) 480px, (min-width: 481px) 980px, 100vw\" class=\"wp-image-13590\" \/><span class=\"et_overlay et_pb_inline_icon\" data-icon=\"T\"><\/span><\/span><\/a><\/div><div class=\"et_pb_text_3 et_pb_text et_pb_bg_layout_light et_pb_module et_block_module\"><div class=\"et_pb_text_inner\"><pre>\u00a0Wai Phra<\/pre>\n<\/div><\/div><div class=\"et_pb_image_2 et_pb_image et_pb_image_sticky et_pb_has_overlay et_pb_module et_block_module\"><a href=\"https:\/\/kurt-singer.com\/thailand\/wp-content\/uploads\/sites\/7\/2024\/08\/2012-Wat-Samanmit-3.jpg\" class=\"et_pb_lightbox_image\"><span class=\"et_pb_image_wrap\"><img loading=\"lazy\" decoding=\"async\" src=\"https:\/\/kurt-singer.com\/thailand\/wp-content\/uploads\/sites\/7\/2024\/08\/2012-Wat-Samanmit-3.jpg\" width=\"980\" height=\"735\" srcset=\"https:\/\/kurt-singer.com\/thailand\/wp-content\/uploads\/sites\/7\/2024\/08\/2012-Wat-Samanmit-3.jpg 980w, https:\/\/kurt-singer.com\/thailand\/wp-content\/uploads\/sites\/7\/2024\/08\/2012-Wat-Samanmit-3-480x360.jpg 480w\" sizes=\"(min-width: 0px) and (max-width: 480px) 480px, (min-width: 481px) 980px, 100vw\" class=\"wp-image-13591\" \/><span class=\"et_overlay et_pb_inline_icon\" data-icon=\"T\"><\/span><\/span><\/a><\/div><div class=\"et_pb_text_4 et_pb_text et_pb_bg_layout_light et_pb_module et_block_module\"><div class=\"et_pb_text_inner\"><pre>Ich bin bereit<\/pre>\n<\/div><\/div><div class=\"et_pb_image_3 et_pb_image et_pb_image_sticky et_pb_has_overlay et_pb_module et_block_module\"><a href=\"https:\/\/kurt-singer.com\/thailand\/wp-content\/uploads\/sites\/7\/2024\/08\/2012-Wat-Samanmit-4.jpg\" class=\"et_pb_lightbox_image\"><span class=\"et_pb_image_wrap\"><img loading=\"lazy\" decoding=\"async\" src=\"https:\/\/kurt-singer.com\/thailand\/wp-content\/uploads\/sites\/7\/2024\/08\/2012-Wat-Samanmit-4.jpg\" width=\"980\" height=\"735\" srcset=\"https:\/\/kurt-singer.com\/thailand\/wp-content\/uploads\/sites\/7\/2024\/08\/2012-Wat-Samanmit-4.jpg 980w, https:\/\/kurt-singer.com\/thailand\/wp-content\/uploads\/sites\/7\/2024\/08\/2012-Wat-Samanmit-4-480x360.jpg 480w\" sizes=\"(min-width: 0px) and (max-width: 480px) 480px, (min-width: 481px) 980px, 100vw\" class=\"wp-image-13592\" \/><span class=\"et_overlay et_pb_inline_icon\" data-icon=\"T\"><\/span><\/span><\/a><\/div><div class=\"et_pb_text_5 et_pb_text et_pb_bg_layout_light et_pb_module et_block_module\"><div class=\"et_pb_text_inner\"><pre>\u00a0Wasser marsch<\/pre>\n<\/div><\/div><div class=\"et_pb_image_4 et_pb_image et_pb_image_sticky et_pb_has_overlay et_pb_module et_block_module\"><a href=\"https:\/\/kurt-singer.com\/thailand\/wp-content\/uploads\/sites\/7\/2024\/08\/2012-Wat-Samanmit-5.jpg\" class=\"et_pb_lightbox_image\"><span class=\"et_pb_image_wrap\"><img loading=\"lazy\" decoding=\"async\" src=\"https:\/\/kurt-singer.com\/thailand\/wp-content\/uploads\/sites\/7\/2024\/08\/2012-Wat-Samanmit-5.jpg\" width=\"980\" height=\"735\" srcset=\"https:\/\/kurt-singer.com\/thailand\/wp-content\/uploads\/sites\/7\/2024\/08\/2012-Wat-Samanmit-5.jpg 980w, https:\/\/kurt-singer.com\/thailand\/wp-content\/uploads\/sites\/7\/2024\/08\/2012-Wat-Samanmit-5-480x360.jpg 480w\" sizes=\"(min-width: 0px) and (max-width: 480px) 480px, (min-width: 481px) 980px, 100vw\" class=\"wp-image-13593\" \/><span class=\"et_overlay et_pb_inline_icon\" data-icon=\"T\"><\/span><\/span><\/a><\/div><div class=\"et_pb_text_6 et_pb_text et_pb_bg_layout_light et_pb_module et_block_module\"><div class=\"et_pb_text_inner\"><pre>\u00a0Tambun<\/pre>\n<\/div><\/div><\/div><\/div><\/div>\n","protected":false},"excerpt":{"rendered":"","protected":false},"author":1,"featured_media":0,"parent":0,"menu_order":0,"comment_status":"closed","ping_status":"closed","template":"","meta":{"footnotes":""},"class_list":["post-15779","page","type-page","status-publish","hentry"],"_links":{"self":[{"href":"https:\/\/kurt-singer.com\/thailand\/wp-json\/wp\/v2\/pages\/15779","targetHints":{"allow":["GET"]}}],"collection":[{"href":"https:\/\/kurt-singer.com\/thailand\/wp-json\/wp\/v2\/pages"}],"about":[{"href":"https:\/\/kurt-singer.com\/thailand\/wp-json\/wp\/v2\/types\/page"}],"author":[{"embeddable":true,"href":"https:\/\/kurt-singer.com\/thailand\/wp-json\/wp\/v2\/users\/1"}],"replies":[{"embeddable":true,"href":"https:\/\/kurt-singer.com\/thailand\/wp-json\/wp\/v2\/comments?post=15779"}],"version-history":[{"count":4,"href":"https:\/\/kurt-singer.com\/thailand\/wp-json\/wp\/v2\/pages\/15779\/revisions"}],"predecessor-version":[{"id":16153,"href":"https:\/\/kurt-singer.com\/thailand\/wp-json\/wp\/v2\/pages\/15779\/revisions\/16153"}],"wp:attachment":[{"href":"https:\/\/kurt-singer.com\/thailand\/wp-json\/wp\/v2\/media?parent=15779"}],"curies":[{"name":"wp","href":"https:\/\/api.w.org\/{rel}","templated":true}]}}